15. Calculate k(13).
-11
Let i(u) = u**2 + 5*u - 10. Calculate i(-7).
4
Let g(x) = x**3 - 9*x**2 - 11*x - 3. What is g(10)?
-13
Let k(u) = -2*u**3 + 15*u**2 - 5*u + 9. What is k(7)?
23
Let p(r) = 5*r**2 + 53*r + 5. What is p(-10)?
-25
Let j(x) = x**2 - 2*x - 12. What is j(-5)?
23
Let l(h) = -h**2 - 9*h - 7. What is l(-8)?
1
Let j(y) = 4*y - 3. Give j(-6).
-27
Let x(s) = s + 35. Give x(-2).
33
Let q(u) = u + 2. Calculate q(-2).
0
Let o(k) = k**3 - 3*k**2 - 4*k - 3. Determine o(-2).
-15
Let g(d) = -2*d**3 + 5*d**2 + 13*d - 27. Determine g(4).
-23
Let a(l) = -l**3 - 38*l**2 + 80*l - 23. Give a(-40).
-23
Let f(n) = -7*n - 1. Determine f(4).
-29
Let j(k) = 3*k - 21. Give j(4).
-9
Let p(u) = -32*u. What is p(2)?
-64
Let k(l) = 10*l**3 - 2*l**2 + l + 3. Determine k(2).
77
Let l(s) = 5*s - 115. Give l(28).
25
Let j(w) = -6*w + 18. What is j(13)?
-60
Let f(n) = 2*n**2 - 3*n - 6. What is f(3)?
3
Let r(x) = 3*x**2 - 17*x - 38. Calculate r(-3).
40
Let d(a) = -2*a + 1. Calculate d(14).
-27
Let g(l) = -l**3 - 6*l**2 - 5*l. Give g(-5).
0
Let o(d) = d - 5. Determine o(8).
3
Let s(k) = -k**3 + 22*k**2 + 26*k - 60. Calculate s(23).
9
Let r(b) = 3*b**2 - 17*b - 53. What is r(-3)?
25
Let w(b) = 4*b**2 + 2*b. Give w(3).
42
Let l(r) = 12*r - 15. Give l(2).
9
Let b(c) = 12*c + 108. Determine b(-10).
-12
Let h(z) = -z**3 - 6*z**2 - 2*z - 4. Calculate h(-4).
-28
Let y(h) = -h**2 + 6*h - 5. What is y(3)?
4
Let i(s) = -4*s - 155. What is i(-49)?
41
Let f(k) = 5*k**2 + k - 2. Calculate f(2).
20
Let j(n) = 37*n**2 - 10*n + 10. Calculate j(1).
37
Let k(p) = -5*p**2 - 12*p - 1. Give k(-4).
-33
Let b(m) = -2*m**2. Determine b(-1).
-2
Let s(l) = 8*l**3 - 2*l**2 + 2. Determine s(1).
8
Let m(q) = q + 23. Determine m(-10).
13
Let o(p) = -2*p**2 + 12*p - 24. Determine o(7).
-38
Let w(y) = 5*y**2 - y. Give w(-1).
6
Let r(p) = -4*p + 4. Determine r(-5).
24
Let t(u) = -u**3 + 11*u**2 + 12*u + 7. What is t(12)?
7
Let r(b) = -3*b**2 - 6*b - 9. Determine r(-3).
-18
Let s(k) = -k**2 - 25*k + 31. Give s(-26).
5
Let c(d) = 10*d + 79. Determine c(-9).
-11
Let y(t) = t - 18. Calculate y(9).
-9
Let x(j) = -5*j**2 - 7*j + 27. Determine x(5).
-133
Let y(q) = q**3 - 12*q**2 + 4*q - 12. What is y(9)?
-219
Let t(z) = 4*z**2 - 4*z - 112. What is t(6)?
8
Let d(c) = c**3 - 5*c**2 + 13*c - 44. Give d(4).
-8
Let r(w) = -9*w + 168. Calculate r(23).
-39
Let p(l) = l**3 - 2*l**2 - 6*l + 1. What is p(4)?
9
Let k(i) = i**3 + 10*i**2 + 8*i - 1. Calculate k(-9).
8
Let g(q) = q**3 - q**2 + 8. Determine g(-2).
-4
Let o(h) = 2*h**2 + 39*h - 38. Calculate o(1).
3
Let c(m) = 39*m - 348. Calculate c(9).
3
Let b(c) = 39*c + 300. Give b(-8).
-12
Let h(n) = -n**3 - 10*n**2 - 9*n - 22. Determine h(-9).
-22
Let z(x) = 2*x**3 + 6*x**2 + 3*x + 3. Determine z(-4).
-41
Let o(m) = 3*m - 12. Give o(6).
6
Let u(f) = -6*f - 140. Calculate u(-22).
-8
Let a(y) = 7*y**2 + y + 1. Calculate a(-2).
27
Let v(m) = 2*m**3 + 40*m**2 - 37*m + 103. Give v(-21).
-2
Let l(w) = -w**3 - 15*w**2 - 29*w - 46. Determine l(-13).
-7
Let o(v) = -v**3 - 7*v**2 + 10*v + 13. Determine o(-8).
-3
Let g(j) = -6*j + 7. Determine g(7).
-35
Let v(m) = -4*m + 195. Give v(48).
3
Let i(z) = -z**3 + 18*z**2 + 25*z - 45. Determine i(19).
69
Let a(w) = 17*w - 136. Calculate a(8).
0
Let m(b) = b**2 + 7*b - 5. What is m(7)?
93
Let h(n) = -5*n - 62. What is h(-9)?
-17
Let d(i) = i**3 - 10*i**2 + 8*i + 7. Determine d(9).
-2
Let w(a) = -a**3 + a + 6. What is w(0)?
6
Let u(d) = -11*d**3 - 2*d**2 + 3*d - 1. What is u(1)?
-11
Let j(k) = k**2 - 3*k - 5. Determine j(5).
5
Let c(m) = -m**2 - 20*m - 9. Give c(-8).
87
Let h(l) = -7*l + 48. Give h(6).
6
Let o(q) = -q - 11. What is o(-15)?
4
Let f(j) = 6*j + 41. What is f(-7)?
-1
Let n(b) = b**2 + 9. Give n(0).
9
Let k(p) = -p**2 - p + 82. Calculate k(0).
82
Let v(y) = 2*y**2 + 5*y + 6. What is v(-6)?
48
Let j(k) = 2*k**2 + 25*k - 212. Determine j(6).
10
Let n(p) = -p**2 + 18*p - 25. Determine n(17).
-8
Let s(a) = -a**3 + 2*a - 7. Calculate s(3).
-28
Let i(y) = y + 17. Determine i(-5).
12
Let h(s) = -15*s**2 + 15*s + 14. What is h(-1)?
-16
Let z(s) = -s**3 - 7*s**2 + s - 4. Determine z(-6).
-46
Let r(k) = k**2 + 44*k + 267. Calculate r(-37).
8
Let l(m) = -m**3 + 10*m**2 - 3*m - 1. Give l(10).
-31
Let j(h) = -8*h + 8. Determine j(7).
-48
Let g(b) = -9*b + 66. Give g(6).
12
Let c(w) = -w**3 + 8*w**2 - 13*w + 6. Give c(6).
0
Let o(i) = 3*i**2 + 5*i + 24. Calculate o(-6).
102
Let t(u) = u**2 - 10*u - 67. What is t(16)?
29
Let q(v) = v**3 - 5*v**2 - 15*v + 15. Determine q(7).
8
Let m(u) = -2*u**2 - u + 2. Calculate m(0).
2
Let t(n) = -5*n - 55. Calculate t(-12).
5
Let b(u) = -4*u - 14. Give b(-10).
26
Let y(k) = -k**3 - 3*k**2 - 4*k - 2. What is y(-2)?
2
Let q(i) = -i**2 + 20. What is q(-4)?
4
Let o(m) = m**2 - 8*m - 6. Calculate o(8).
-6
Let j(w) = -w - 66. Calculate j(-55).
-11
Let b(u) = u**3 + 5*u**2 - 6*u + 16. Calculate b(-7).
-40
Let h(s) = -s**2 - 11*s - 13. Calculate h(-6).
17
Let w(g) = 6*g**3 + g**2 - 2*g + 3. What is w(3)?
168
Let w(c) = c**3 - 7*c**2 - 6*c - 8. Give w(8).
8
Let h(j) = j**3 - 11*j**2 + 16*j - 9. Determine h(9).
-27
Let q(y) = y**2 - 10*y - 6. What is q(13)?
33
Let p(f) = -f**3 - 21*f**2 + 23*f + 41. Give p(-22).
19
Let g(m) = -3*m**3 - 4*m**2 + 3*m + 6. Calculate g(-2).
8
Let t(o) = -14*o**2 - 73*o - 9. Determine t(-5).
6
Let h(p) = -p**3 + 26*p**2 + 55*p + 25. Give h(28).
-3
Let w(q) = -q**3 + 5*q**2 + 8*q - 3. What is w(6)?
9
Let z(h) = -h**2 - 15*h + 51. Calculate z(-18).
-3
Let n(u) = -3*u + 1. Determine n(6).
-17
Let d(o) = -o**3 + 5*o**2 - o - 1. What is d(4)?
11
Let k(r) = r**3 - 9*r**2 - 27*r + 13. What is k(11)?
-42
Let q(o) = -3*o**2 + 13*o - 14. Determine q(4).
-10
Let z(d) = d**3 + 40*d**2 - 45*d - 172. What is z(-41)?
-8
Let z(m) = 2*m + 52. Give z(-32).
-12
Let s(d) = d**3 - 21*d**2 - 23*d + 33. Determine s(22).
11
Let z(i) = -2*i**3 + 4*i**2 - i - 4. Calculate z(3).
-25
Let s(v) = 2*v**2 + 7*v + 1. Determine s(-4).
5
Let f(b) = 2*b - 11. What is f(-9)?
-29
Let l(g) = 118*g - 478. Determine l(4).
-6
Let f(x) = x**2 + 5*x + 1. Calculate f(-2).
-5
Let s(q) = q**3 + 24*q**2 + q + 35. Determine s(-24).
11
Let i(n) = n + 21. Calculate i(-12).
9
Let l(u) = u**2 + 7*u - 3. Give l(5).
57
Let x(f) = f + 3. Determine x(-2).
1
Let n(b) = b**3 + 15*b**2 - 14*b + 27. What is n(-16)?
-5
Let m(q) = -2*q. Calculate m(-8).
16
Let d(i) = 5*i - 17. Calculate d(2).
-7
Let a(t) = t**2 - 5. Determine a(-2).
-1
Let j(d) = 6*d - 9. What is j(4)?
15
Let t(u) = u**3 - 13*u**2 - u + 18. What is t(13)?
5
Let r(g) = 2*g**2 - 5*g + 4. Calculate r(5).
29
Let a(w) = w**2 + 44*w - 5. What is a(-44)?
-5
Let a(k) = -k**2 - 27*k + 156. Give a(-32).
-4
Let g(n) = -n**2 - 5*n + 4. Calculate g(4).
-32
Let w(b) = -b**3 - 3*b**2 + 42*b - 7. Determine w(5).
3
Let h(r) = -2*r**2 + r + 1. Give h(3).
-14
Let w(l) = -6*l**2 + 8*l - 8. Determine w(4).
-72
Let y(z) = 4*z - 58. Calculate y(14).
-2
Let k(j) = j - 14. Give k(6).
-8
Let f(b) = 6*b + 12. Determine f(-6).
-24
Let r(o) = 7*o + 129. Give r(-22).
-25
Let n(g) = 4*g - 90. What is n(21)?
-6
Let w(b) = 5*b + 17. Give w(-7).
-18
Let j(b) = -20*b - 201. Give j(-10).
-1
Let d(n) = -n + 14. What is d(6)?
8
Let k(x) = -69*x + 259. Give k(4).
-17
Let s(j) = -8*j - 79. Give s(-4).
-47
Let f(t) = -t + 5. Calculate f(-4).
9
Let k(r) = -r**2 + 11*r - 2. What is k(8)?
22
Let x(v) = -6*v + 13. Determine x(4).
-11
Let i(b) = -b**3 + 8*b**2 + 10. What is i(9)?
-71
Let r(b) = b**2 + 14*b - 53. Calculate r(3).
-2
Let n(j) = 2*j**2 + 20*j + 2. Give n(-10).
2
Let i(n) = 10*n + 21. Calculate i(4).
61
Let u(l) = -2*l**2 - 2*l + 5. Give u(0).
5
Let w(f) = -f**2 - 29*f + 21. Give w(-30).
-9
Let x(s) = -s**3 + 6*s**2 + 14*s - 29. Calculate x(8).
-45
Let j(o) = -3*o**2 - 18. Calculate j(0).
-18
Let z(t) = t**3 + 9*t**2 - 23*t - 29. Give z(-11).
-18
Let a(b) = 7*b - 2. What is a(-1)?
-9
Let f(n) = -n**2 - n + 3. Calculate f(4).
-17
Let m(y) = -15*y**2 - y. Calculate m(1).
-16
Let i(t) = -15*t - 2. Give i(-2).
28
Let d(t) = -t**2 - 6*t + 7. Give d(-6).
7
Let m(r) = -3*r - 1. What is m(-6)?
17
Let s(w) = w**3 + 6*w**2 + 6*w - 9. Determine s(-4).
-1
Let b(o) = 2*o**3 + 3*o**2 + o - 1. What is b(-2)?
-7
Let c(g) = -g + 9. Calculate c(16).
-7
Let l(k) = k**3 - 8*k**2 - k - 8. Determine l(7).
-64
Let l(v) = 